{"id":2579,"date":"2020-02-16T12:31:09","date_gmt":"2020-02-16T12:31:09","guid":{"rendered":"https:\/\/maschinenbau-weimer.de\/wordpress\/?page_id=2579"},"modified":"2023-05-26T12:57:27","modified_gmt":"2023-05-26T12:57:27","slug":"nos-services","status":"publish","type":"page","link":"https:\/\/maschinenbau-weimer.de\/wordpress\/fr\/nos-services\/","title":{"rendered":"Nos Services"},"content":{"rendered":"<section class=\"wpb-content-wrapper\"><p>[vc_row equal_height=\u00a0\u00bbyes\u00a0\u00bb][vc_column width=\u00a0\u00bb1\/4&Prime; el_id=\u00a0\u00bbimg-service-1&Prime;][vc_single_image image=\u00a0\u00bb3767&Prime; img_size=\u00a0\u00bb300&#215;350&Prime; css=\u00a0\u00bb.vc_custom_1685104692822{margin-top: 15px !important;margin-right: 15px !important;margin-bottom: 15px !important;margin-left: 15px !important;}\u00a0\u00bb][\/vc_column][vc_column width=\u00a0\u00bb3\/4&Prime;][vc_custom_heading text=\u00a0\u00bbInspection, Revision et Maintenance\u00a0\u00bb font_container=\u00a0\u00bbtag:h2|text_align:left|color:%23000000&Prime; use_theme_fonts=\u00a0\u00bbyes\u00a0\u00bb el_class=\u00a0\u00bbtitle\u00a0\u00bb][vc_column_text]<span style=\"font-size: 18px\">Notre axe principal d&rsquo;activit\u00e9 inclut la maintenance et la r\u00e9paration de machines d&#8217;emballage, palettiseurs et machines \u00e0 carton tous producteurs confondus.<\/span><\/p>\n<p><span style=\"font-size: 18px;\">Nous reconditionnons \u00a0aussi tous les syst\u00e8mes de transport pour l&rsquo;industrie des boissons;\u00a0Nous inspectons vos machines et vous fournissons un plan de maintenance avec vue globale du co\u00fbt et temps n\u00e9cessaires.<\/span><\/p>\n<p><span style=\"font-size: 18px\">Pour nos clients qui ont d\u00e9j\u00e0 un plan ou des \u00e9ch\u00e9ances pour la maintenance, nous fournissons, apr\u00e8s validation de leur projet, les techniciens sp\u00e9cialis\u00e9s avec un chef de chantier Montage.<\/span><\/p>\n<p><span style=\"font-size: 18px\">Nous vous garantissons le respect de votre calendrier et la date de mise en exploitation de vos machines.<\/span>[\/vc_column_text][\/vc_column][\/vc_row][vc_row equal_height=\u00a0\u00bbyes\u00a0\u00bb][vc_column width=\u00a0\u00bb1\/4&Prime; el_id=\u00a0\u00bbimg-service-2&Prime;][vc_single_image image=\u00a0\u00bb3766&Prime; img_size=\u00a0\u00bb300&#215;200&Prime; css=\u00a0\u00bb.vc_custom_1621091986438{margin-top: 15px !important;margin-right: 15px !important;margin-bottom: 15px !important;margin-left: 15px !important;}\u00a0\u00bb][\/vc_column][vc_column width=\u00a0\u00bb3\/4&Prime;][vc_custom_heading text=\u00a0\u00bbReparation et Service d&rsquo;Urgence\u00a0\u00bb font_container=\u00a0\u00bbtag:h2|text_align:left|color:%23000000&Prime; use_theme_fonts=\u00a0\u00bbyes\u00a0\u00bb el_class=\u00a0\u00bbtitle\u00a0\u00bb][vc_column_text]<span style=\"font-size: 18px\">Nous r\u00e9parons \u00e0 tout moment machines et transporteurs pour \u00e9viter tout arr\u00eater de la production ou au moins en \u00e9courter la dur\u00e9e. <\/span><\/p>\n<p><span style=\"font-size: 18px\">Nous intervenons bien entendu avec tout l&rsquo;\u00e9quipement n\u00e9cessaire. Les pi\u00e8ces n\u00e9cessaires \u00e0 la r\u00e9paration de vos machines seront produites dans nos ateliers ou procur\u00e9es par notre biais.<\/span>[\/vc_column_text][\/vc_column][\/vc_row][vc_row equal_height=\u00a0\u00bbyes\u00a0\u00bb][vc_column width=\u00a0\u00bb1\/4&Prime; el_id=\u00a0\u00bbimg-service-3&Prime;][vc_single_image image=\u00a0\u00bb3620&Prime; img_size=\u00a0\u00bb300&#215;280&Prime; css=\u00a0\u00bb.vc_custom_1620990335967{margin: 15px !important;}\u00a0\u00bb][\/vc_column][vc_column width=\u00a0\u00bb3\/4&Prime;][vc_custom_heading text=\u00a0\u00bbRealisation et Transformation d&rsquo;Installations\u00a0\u00bb font_container=\u00a0\u00bbtag:h2|text_align:left|color:%23000000&Prime; use_theme_fonts=\u00a0\u00bbyes\u00a0\u00bb el_class=\u00a0\u00bbtitle\u00a0\u00bb][vc_column_text]<span style=\"font-size: 18px\">Notre offre inclut le d\u00e9montage et montage de machines et\/ ou installations de remplissage de bouteilles\u00a0<\/span><\/p>\n<p><span style=\"font-size: 18px\">Nous ex\u00e9cutons avec comp\u00e9tence le transfert d&rsquo;installations compl\u00e8tes qui va de la planification \u00e0 la r\u00e9installation en passant par le marquage, d\u00e9montage, emballage et transport au nouveau site dans les d\u00e9lais pr\u00e9vus.<\/span><span style=\"font-size: 18px; color: #000000;\">\u00a0<\/span><\/p>\n<p><span style=\"font-size: 18px\">Vous planifiez un changement de ligne de production? Une augmentation de capacit\u00e9?&#8230; Nous transformons vos machines pour un rendement qui r\u00e9pond \u00e0 vos nouvelles attentes.<\/span>[\/vc_column_text][\/vc_column][\/vc_row][vc_row equal_height=\u00a0\u00bbyes\u00a0\u00bb][vc_column width=\u00a0\u00bb1\/4&Prime; el_id=\u00a0\u00bbimg-service-4&Prime;][vc_single_image image=\u00a0\u00bb3771&Prime; img_size=\u00a0\u00bblarge\u00a0\u00bb css=\u00a0\u00bb.vc_custom_1621092620365{margin-top: 15px !important;margin-right: 15px !important;margin-bottom: 15px !important;margin-left: 15px !important;}\u00a0\u00bb][\/vc_column][vc_column width=\u00a0\u00bb3\/4&Prime;][vc_custom_heading text=\u00a0\u00bbService d&rsquo;Ing\u00e9nierie et Planifications\u00a0\u00bb font_container=\u00a0\u00bbtag:h3|text_align:left|color:%23000000&Prime; use_theme_fonts=\u00a0\u00bbyes\u00a0\u00bb el_class=\u00a0\u00bbtitle\u00a0\u00bb][vc_column_text]<span style=\" font-size: large;\">De\u00a0l&rsquo;analyse pr\u00e9cise de vos exigences \u00e0 la prise en charge et accompagnement\u00a0professionnel en passant par la conception de votre future installation, avec nous vous\u00a0b\u00e9n\u00e9ficiez de l&rsquo;offre\u00a0compl\u00e8te chez un seul\u00a0prestataire.<\/span><\/p>\n<p><span style=\"font-size: 18px;\">Nous vous accompagnons dans toutes le phases de vos projets de l&rsquo;id\u00e9e \u00e0 l&rsquo;ex\u00e9cution.<\/span><\/p>\n<p><span style=\"font-size: 18px;\">Nous v\u00e9rifions la faisabilit\u00e9 technique et \u00e9conomique de votre projet et le r\u00e9alisons selon vos exigences.<\/span>[\/vc_column_text][\/vc_column][\/vc_row]<\/p>\n<\/section>","protected":false},"excerpt":{"rendered":"<p>[vc_row equal_height=\u00a0\u00bbyes\u00a0\u00bb][vc_column width=\u00a0\u00bb1\/4&Prime; el_id=\u00a0\u00bbimg-service-1&Prime;][vc_single_image image=\u00a0\u00bb3767&Prime; img_size=\u00a0\u00bb300&#215;350&Prime; css=\u00a0\u00bb.vc_custom_1685104692822{margin-top: 15px !important;margin-right: 15px !important;margin-bottom: 15px !important;margin-left: 15px !important;}\u00a0\u00bb][\/vc_column][vc_column width=\u00a0\u00bb3\/4&Prime;][vc_custom_heading text=\u00a0\u00bbInspection, Revision et Maintenance\u00a0\u00bb font_container=\u00a0\u00bbtag:h2|text_align:left|color:%23000000&Prime; use_theme_fonts=\u00a0\u00bbyes\u00a0\u00bb el_class=\u00a0\u00bbtitle\u00a0\u00bb][vc_column_text]Notre axe principal d&rsquo;activit\u00e9 inclut la maintenance et la r\u00e9paration de machines d&#8217;emballage, palettiseurs et machines \u00e0 carton tous producteurs confondus. Nous reconditionnons \u00a0aussi tous les syst\u00e8mes de transport pour l&rsquo;industrie des boissons;\u00a0Nous [&hellip;]<\/p>\n","protected":false},"author":1,"featured_media":0,"parent":0,"menu_order":0,"comment_status":"closed","ping_status":"closed","template":"","meta":{"footnotes":""},"class_list":["post-2579","page","type-page","status-publish","hentry"],"yoast_head":"<!-- This site is optimized with the Yoast SEO plugin v27.3 - https:\/\/yoast.com\/product\/yoast-seo-wordpress\/ -->\n<title>Nos Services - Maschinenbau Weimer<\/title>\n<meta name=\"robots\" content=\"index, follow, max-snippet:-1, max-image-preview:large, max-video-preview:-1\" \/>\n<link rel=\"canonical\" href=\"https:\/\/maschinenbau-weimer.de\/wordpress\/fr\/nos-services\/\" \/>\n<meta property=\"og:locale\" content=\"fr_FR\" \/>\n<meta property=\"og:type\" content=\"article\" \/>\n<meta property=\"og:title\" content=\"Nos Services - Maschinenbau Weimer\" \/>\n<meta property=\"og:description\" content=\"[vc_row equal_height=\u00a0\u00bbyes\u00a0\u00bb][vc_column width=\u00a0\u00bb1\/4&Prime; el_id=\u00a0\u00bbimg-service-1&Prime;][vc_single_image image=\u00a0\u00bb3767&Prime; img_size=\u00a0\u00bb300&#215;350&Prime; css=\u00a0\u00bb.vc_custom_1685104692822{margin-top: 15px !important;margin-right: 15px !important;margin-bottom: 15px !important;margin-left: 15px !important;}\u00a0\u00bb][\/vc_column][vc_column width=\u00a0\u00bb3\/4&Prime;][vc_custom_heading text=\u00a0\u00bbInspection, Revision et Maintenance\u00a0\u00bb font_container=\u00a0\u00bbtag:h2|text_align:left|color:%23000000&Prime; use_theme_fonts=\u00a0\u00bbyes\u00a0\u00bb el_class=\u00a0\u00bbtitle\u00a0\u00bb][vc_column_text]Notre axe principal d&rsquo;activit\u00e9 inclut la maintenance et la r\u00e9paration de machines d&#8217;emballage, palettiseurs et machines \u00e0 carton tous producteurs confondus. Nous reconditionnons \u00a0aussi tous les syst\u00e8mes de transport pour l&rsquo;industrie des boissons;\u00a0Nous [&hellip;]\" \/>\n<meta property=\"og:url\" content=\"https:\/\/maschinenbau-weimer.de\/wordpress\/fr\/nos-services\/\" \/>\n<meta property=\"og:site_name\" content=\"Maschinenbau Weimer\" \/>\n<meta property=\"article:modified_time\" content=\"2023-05-26T12:57:27+00:00\" \/>\n<meta name=\"twitter:card\" content=\"summary_large_image\" \/>\n<meta name=\"twitter:label1\" content=\"Dur\u00e9e de lecture estim\u00e9e\" \/>\n\t<meta name=\"twitter:data1\" content=\"3 minutes\" \/>\n<script type=\"application\/ld+json\" class=\"yoast-schema-graph\">{\"@context\":\"https:\\\/\\\/schema.org\",\"@graph\":[{\"@type\":\"WebPage\",\"@id\":\"https:\\\/\\\/maschinenbau-weimer.de\\\/wordpress\\\/fr\\\/nos-services\\\/\",\"url\":\"https:\\\/\\\/maschinenbau-weimer.de\\\/wordpress\\\/fr\\\/nos-services\\\/\",\"name\":\"Nos Services - Maschinenbau Weimer\",\"isPartOf\":{\"@id\":\"https:\\\/\\\/maschinenbau-weimer.de\\\/wordpress\\\/#website\"},\"datePublished\":\"2020-02-16T12:31:09+00:00\",\"dateModified\":\"2023-05-26T12:57:27+00:00\",\"breadcrumb\":{\"@id\":\"https:\\\/\\\/maschinenbau-weimer.de\\\/wordpress\\\/fr\\\/nos-services\\\/#breadcrumb\"},\"inLanguage\":\"fr-FR\",\"potentialAction\":[{\"@type\":\"ReadAction\",\"target\":[\"https:\\\/\\\/maschinenbau-weimer.de\\\/wordpress\\\/fr\\\/nos-services\\\/\"]}]},{\"@type\":\"BreadcrumbList\",\"@id\":\"https:\\\/\\\/maschinenbau-weimer.de\\\/wordpress\\\/fr\\\/nos-services\\\/#breadcrumb\",\"itemListElement\":[{\"@type\":\"ListItem\",\"position\":1,\"name\":\"Accueil\",\"item\":\"https:\\\/\\\/maschinenbau-weimer.de\\\/wordpress\\\/\"},{\"@type\":\"ListItem\",\"position\":2,\"name\":\"Nos Services\"}]},{\"@type\":\"WebSite\",\"@id\":\"https:\\\/\\\/maschinenbau-weimer.de\\\/wordpress\\\/#website\",\"url\":\"https:\\\/\\\/maschinenbau-weimer.de\\\/wordpress\\\/\",\"name\":\"Maschinenbau Weimer\",\"description\":\"\",\"publisher\":{\"@id\":\"https:\\\/\\\/maschinenbau-weimer.de\\\/wordpress\\\/#organization\"},\"potentialAction\":[{\"@type\":\"SearchAction\",\"target\":{\"@type\":\"EntryPoint\",\"urlTemplate\":\"https:\\\/\\\/maschinenbau-weimer.de\\\/wordpress\\\/?s={search_term_string}\"},\"query-input\":{\"@type\":\"PropertyValueSpecification\",\"valueRequired\":true,\"valueName\":\"search_term_string\"}}],\"inLanguage\":\"fr-FR\"},{\"@type\":\"Organization\",\"@id\":\"https:\\\/\\\/maschinenbau-weimer.de\\\/wordpress\\\/#organization\",\"name\":\"Maschinenbau Weimer\",\"url\":\"https:\\\/\\\/maschinenbau-weimer.de\\\/wordpress\\\/\",\"logo\":{\"@type\":\"ImageObject\",\"inLanguage\":\"fr-FR\",\"@id\":\"https:\\\/\\\/maschinenbau-weimer.de\\\/wordpress\\\/#\\\/schema\\\/logo\\\/image\\\/\",\"url\":\"https:\\\/\\\/maschinenbau-weimer.de\\\/wordpress\\\/wp-content\\\/uploads\\\/2020\\\/02\\\/cropped-cropped-cropped-logo-weimer-maschinenbau-1-1.png\",\"contentUrl\":\"https:\\\/\\\/maschinenbau-weimer.de\\\/wordpress\\\/wp-content\\\/uploads\\\/2020\\\/02\\\/cropped-cropped-cropped-logo-weimer-maschinenbau-1-1.png\",\"width\":302,\"height\":104,\"caption\":\"Maschinenbau Weimer\"},\"image\":{\"@id\":\"https:\\\/\\\/maschinenbau-weimer.de\\\/wordpress\\\/#\\\/schema\\\/logo\\\/image\\\/\"}}]}<\/script>\n<!-- \/ Yoast SEO plugin. -->","yoast_head_json":{"title":"Nos Services - Maschinenbau Weimer","robots":{"index":"index","follow":"follow","max-snippet":"max-snippet:-1","max-image-preview":"max-image-preview:large","max-video-preview":"max-video-preview:-1"},"canonical":"https:\/\/maschinenbau-weimer.de\/wordpress\/fr\/nos-services\/","og_locale":"fr_FR","og_type":"article","og_title":"Nos Services - Maschinenbau Weimer","og_description":"[vc_row equal_height=\u00a0\u00bbyes\u00a0\u00bb][vc_column width=\u00a0\u00bb1\/4&Prime; el_id=\u00a0\u00bbimg-service-1&Prime;][vc_single_image image=\u00a0\u00bb3767&Prime; img_size=\u00a0\u00bb300&#215;350&Prime; css=\u00a0\u00bb.vc_custom_1685104692822{margin-top: 15px !important;margin-right: 15px !important;margin-bottom: 15px !important;margin-left: 15px !important;}\u00a0\u00bb][\/vc_column][vc_column width=\u00a0\u00bb3\/4&Prime;][vc_custom_heading text=\u00a0\u00bbInspection, Revision et Maintenance\u00a0\u00bb font_container=\u00a0\u00bbtag:h2|text_align:left|color:%23000000&Prime; use_theme_fonts=\u00a0\u00bbyes\u00a0\u00bb el_class=\u00a0\u00bbtitle\u00a0\u00bb][vc_column_text]Notre axe principal d&rsquo;activit\u00e9 inclut la maintenance et la r\u00e9paration de machines d&#8217;emballage, palettiseurs et machines \u00e0 carton tous producteurs confondus. Nous reconditionnons \u00a0aussi tous les syst\u00e8mes de transport pour l&rsquo;industrie des boissons;\u00a0Nous [&hellip;]","og_url":"https:\/\/maschinenbau-weimer.de\/wordpress\/fr\/nos-services\/","og_site_name":"Maschinenbau Weimer","article_modified_time":"2023-05-26T12:57:27+00:00","twitter_card":"summary_large_image","twitter_misc":{"Dur\u00e9e de lecture estim\u00e9e":"3 minutes"},"schema":{"@context":"https:\/\/schema.org","@graph":[{"@type":"WebPage","@id":"https:\/\/maschinenbau-weimer.de\/wordpress\/fr\/nos-services\/","url":"https:\/\/maschinenbau-weimer.de\/wordpress\/fr\/nos-services\/","name":"Nos Services - Maschinenbau Weimer","isPartOf":{"@id":"https:\/\/maschinenbau-weimer.de\/wordpress\/#website"},"datePublished":"2020-02-16T12:31:09+00:00","dateModified":"2023-05-26T12:57:27+00:00","breadcrumb":{"@id":"https:\/\/maschinenbau-weimer.de\/wordpress\/fr\/nos-services\/#breadcrumb"},"inLanguage":"fr-FR","potentialAction":[{"@type":"ReadAction","target":["https:\/\/maschinenbau-weimer.de\/wordpress\/fr\/nos-services\/"]}]},{"@type":"BreadcrumbList","@id":"https:\/\/maschinenbau-weimer.de\/wordpress\/fr\/nos-services\/#breadcrumb","itemListElement":[{"@type":"ListItem","position":1,"name":"Accueil","item":"https:\/\/maschinenbau-weimer.de\/wordpress\/"},{"@type":"ListItem","position":2,"name":"Nos Services"}]},{"@type":"WebSite","@id":"https:\/\/maschinenbau-weimer.de\/wordpress\/#website","url":"https:\/\/maschinenbau-weimer.de\/wordpress\/","name":"Maschinenbau Weimer","description":"","publisher":{"@id":"https:\/\/maschinenbau-weimer.de\/wordpress\/#organization"},"potentialAction":[{"@type":"SearchAction","target":{"@type":"EntryPoint","urlTemplate":"https:\/\/maschinenbau-weimer.de\/wordpress\/?s={search_term_string}"},"query-input":{"@type":"PropertyValueSpecification","valueRequired":true,"valueName":"search_term_string"}}],"inLanguage":"fr-FR"},{"@type":"Organization","@id":"https:\/\/maschinenbau-weimer.de\/wordpress\/#organization","name":"Maschinenbau Weimer","url":"https:\/\/maschinenbau-weimer.de\/wordpress\/","logo":{"@type":"ImageObject","inLanguage":"fr-FR","@id":"https:\/\/maschinenbau-weimer.de\/wordpress\/#\/schema\/logo\/image\/","url":"https:\/\/maschinenbau-weimer.de\/wordpress\/wp-content\/uploads\/2020\/02\/cropped-cropped-cropped-logo-weimer-maschinenbau-1-1.png","contentUrl":"https:\/\/maschinenbau-weimer.de\/wordpress\/wp-content\/uploads\/2020\/02\/cropped-cropped-cropped-logo-weimer-maschinenbau-1-1.png","width":302,"height":104,"caption":"Maschinenbau Weimer"},"image":{"@id":"https:\/\/maschinenbau-weimer.de\/wordpress\/#\/schema\/logo\/image\/"}}]}},"jetpack_sharing_enabled":true,"_links":{"self":[{"href":"https:\/\/maschinenbau-weimer.de\/wordpress\/wp-json\/wp\/v2\/pages\/2579","targetHints":{"allow":["GET"]}}],"collection":[{"href":"https:\/\/maschinenbau-weimer.de\/wordpress\/wp-json\/wp\/v2\/pages"}],"about":[{"href":"https:\/\/maschinenbau-weimer.de\/wordpress\/wp-json\/wp\/v2\/types\/page"}],"author":[{"embeddable":true,"href":"https:\/\/maschinenbau-weimer.de\/wordpress\/wp-json\/wp\/v2\/users\/1"}],"replies":[{"embeddable":true,"href":"https:\/\/maschinenbau-weimer.de\/wordpress\/wp-json\/wp\/v2\/comments?post=2579"}],"version-history":[{"count":0,"href":"https:\/\/maschinenbau-weimer.de\/wordpress\/wp-json\/wp\/v2\/pages\/2579\/revisions"}],"wp:attachment":[{"href":"https:\/\/maschinenbau-weimer.de\/wordpress\/wp-json\/wp\/v2\/media?parent=2579"}],"curies":[{"name":"wp","href":"https:\/\/api.w.org\/{rel}","templated":true}]}}